actors of u(s)?
2
Let c(i) = 8 + 3*i + 9*i**2 - 2*i + 0*i**3 + i**3 - 3*i**2. What are the prime factors of c(-6)?
2
Suppose 17 = 4*v + 5*i, v + 27 = -2*i + 7*i. Let p be 7/(-3)*(-4 + 1). What are the prime factors of 3/v*(-70)/p?
3, 5
Suppose -4*l = 135 - 523. What are the prime factors of l?
97
Suppose -5 = -g, 2*a + 2*a - g - 315 = 0. List the prime factors of a.
2, 5
Let u(k) = k**2 + 5*k - 3. Let t be u(-6). Suppose 0 = n - z - 9, -5*z + 44 - 9 = t*n. List the prime factors of n.
2, 5
Suppose -9 = l - 4*l. Suppose -l*g + 16 = -2*w, 0 = -3*g + 4*g - w - 6. Suppose g*o - 36 = -12. What are the prime factors of o?
2, 3
Let l = 4 - 1. Suppose 5*s - 19 = a, -l*a = 3*s + 2*a + 11. Suppose -4 - 8 = -s*i - 3*n, -n + 16 = 5*i. List the prime factors of i.
3
Let a be (0 + 2 + -11)*-3. Suppose 5*h = -4*s - 3 + a, -11 = 5*s - 4*h. What are the prime factors of 10 - (s + 3 + -2)?
2
Let r = -5 + 44. What are the prime factors of r?
3, 13
Suppose 0 = -c + 5*m + 48, 3*c + c - 2*m - 102 = 0. Suppose -4*n = -4*d + 48, -c = -d - 3*d - n. List the prime factors of d.
7
Let a(z) = 3*z - 7. Let n be a(5). Suppose q + n = 22. What are the prime factors of q?
2, 7
Suppose 10 = 3*b - 17. Let x be 4/(-14) + 4/14. Let l = x + b. What are the prime factors of l?
3
Suppose 2*r - 22 - 62 = 0. List the prime factors of r.
2, 3, 7
Let v(r) = -2*r**2 + 6*r - 5. Let s be v(4). What are the prime factors of (1 - s) + (0 - 1)?
13
Suppose -5*t + 5*d - 180 = 0, -118 = 4*t - 3*d + 25. Suppose -3*x = -0*x + 63. Let q = x - t. List the prime factors of q.
2, 7
Let o(k) be the third derivative of 0 - k**2 + 3/2*k**3 + 0*k + 0*k**4 - 1/60*k**5. What are the prime factors of o(0)?
3
Suppose -15 + 5 = -5*b. Let z be -12 + -1*b/(-1). Let n = z - -15. What are the prime factors of n?
5
Let y(j) = j**3 + 6*j**2. Let z be y(-6). Let o be (-12)/(3*2/(-8)). Suppose -2*g + o = 4*h, 2*g = -z*h - 3*h + 11. List the prime factors of h.
5
Suppose -5*c = -13 - 2. Suppose 12 = c*y + y. List the prime factors of y.
3
Let y(g) = -g + 6. Let f be y(6). Suppose f = -q + 3*u + 17, 5*u + 2 = -q + 3. What are the prime factors of q?
11
Suppose -20*u = -12*u - 584. What are the prime factors of u?
73
Suppose -2*y + 84 = -k, -50 = -2*y + 5*k + 26. List the prime factors of y.
43
Let t = 10 - 8. List the prime factors of t - ((-20)/1 - -1).
3, 7
Let z(q) = q**3 - 5*q**2 + 4*q + 3. Let c be z(4). Suppose 0 = -y - 4*k + 12, 3*y - c*k = -1 + 7. What are the prime factors of y?
2
Suppose -353 + 125 = -6*l. List the prime factors of l.
2, 19
Suppose 663 = 3*a - 180. What are the prime factors of a?
281
Let a(p) be the third derivative of p**5/60 + p**4/6 - p**3/6 - 2*p**2. Let c be ((-2)/(-4))/(2/(-24)). What are the prime factors of a(c)?
11
What are the prime factors of 1/(3/(-6)*2/(-131))?
131
Suppose 66 - 221 = -5*v. Suppose -1 = -4*w + v. List the prime factors of w.
2
Let z(y) = -y**2 + 6. Let x be z(-4). Let n = 13 - x. What are the prime factors of n?
23
Let w be 1*-3*6/(-3). Let h(p) = p**3 + 4*p**2 + 4*p - 1. Let y be h(-3). What are the prime factors of (-26)/y - 9/w?
5
Let h = 278 + -156. What are the prime factors of h?
2, 61
Suppose 0 = 5*r - 7 - 28. What are the prime factors of r?
7
Let c(g) = g**3 - 7*g**2 + 7*g + 7. Let j be (-1)/(-1) + -5 + 4. Suppose j = s - 2*z, -2*s + 16 + 11 = 5*z. What are the prime factors of c(s)?
13
Suppose s = -4*s + 2*p + 68, 3*p - 59 = -4*s. List the prime factors of s.
2, 7
Suppose 236 = 4*v + r, -12 = -r - 2*r. List the prime factors of v.
2, 29
Suppose -2*s + 15 = -s. Suppose 0 = -4*g + 3*i + s, 13 = g + 3*g - i. Suppose 4*f + f + 25 = 0, 3*f + 27 = g*w. What are the prime factors of w?
2
Let y(g) = -g**2 + 5*g + 7. Let x be (0 + -1 + 6)*3. Suppose u - 4*u + 4*b = -x, -b = 0. What are the prime factors of y(u)?
7
Let b(v) = 4*v**3 - v**2 - 3*v + 1. Suppose 0*q = -5*q + 10. What are the prime factors of b(q)?
23
Let d(o) = o**3 - 3*o**2 + o. Let a be 15/(-20) - (-15)/4. What are the prime factors of d(a)?
3
Let p(u) be the second derivative of -u**5/20 + 7*u**4/12 + u**3/3 - 7*u**2/2 - 2*u. Let w be 9 - (2 - (1 + -1)). What are the prime factors of p(w)?
7
Let p(v) = 133*v - 1. What are the prime factors of p(1)?
2, 3, 11
Let x be (-4)/14 - (-6)/21. Let n be ((-16)/12)/((-2)/(-24)). Let f = x - n. List the prime factors of f.
2
Suppose -3*y - 6 = -3. Let i be y/(-4) - (-30)/8. Suppose -i = 2*r, 4*o + 3*r - 45 = 17. What are the prime factors of o?
17
Let r(v) = 9*v + 8. Let b be r(6). Suppose 2*q - 7*q + b = -4*l, 48 = 4*q - 4*l. List the prime factors of q.
2, 7
Suppose 3*p - 4 = 2. Suppose 5*h = p*h + 6. List the prime factors of h.
2
Suppose x - 450 = -5*x. What are the prime factors of x?
3, 5
Let x = -52 + 90. What are the prime factors of x?
2, 19
Let s = 158 - -69. List the prime factors of s.
227
Suppose -222 = -2*m + 60. Suppose 3*w + 19 - m = -5*d, -2*d = w - 48. List the prime factors of d.
2, 11
Suppose -a + 2*o + 2*o - 15 = 0, -o + 25 = 4*a. Suppose 25 = -0*d + a*d. Suppose d*r - 91 - 14 = 0. List the prime factors of r.
3, 7
Let l = -64 - -254. What are the prime factors of l?
2, 5, 19
Let a(h) = 2*h**2 + 7*h + 5. Suppose 13 = 2*p + 3*s, 4*p - 16 + 1 = 5*s. Let k = 1 - p. What are the prime factors of a(k)?
3
Let l be -3*(-2)/6*2. What are the prime factors of (4 - l) + (-10)/(-2)?
7
Let x(y) be the first derivative of -2*y + 2 + 1/3*y**3 - 3*y**2. List the prime factors of x(7).
5
Let b be ((-20)/15)/((-1)/3). Suppose -b*z - 8 = -4*v + 16, -v - 3*z = -14. What are the prime factors of v?
2
Let o(d) = -9*d**2 - 7*d + 5. Let v(n) = -18*n**2 - 15*n + 11. Let q(l) = -13*o(l) + 6*v(l). List the prime factors of q(2).
3, 13
Suppose 2*i = -i + 39. Suppose -5*y + i + 2 = 0. What are the prime factors of y?
3
Let f(w) = 14*w - 5. What are the prime factors of f(7)?
3, 31
Suppose 3*c + 7 = 2*z + 2*z, -31 = -5*c - 4*z. Suppose -s + 5 = c. Suppose -h + s*b - 5*b - 3 = 0, -2*h - 3*b = -6. What are the prime factors of h?
3
Let i be ((-180)/24)/((-2)/(-4)). Let n = i + 35. What are the prime factors of n?
2, 5
Let c = -60 - -55. Suppose 3*y - 2 = 4*y. What are the prime factors of c*(y - (-4)/(-2))?
2, 5
Let c = -94 + 141. Let l be (-1 + 1)*(-2 - -1). Suppose 5*v + 5*b - 50 = 0, l*b - 4*b + c = 5*v. What are the prime factors of v?
7
Suppose -4*j = -62 + 6. List the prime factors of j.
2, 7
Let c = 4 + 2. Let q = 3 + c. What are the prime factors of q?
3
Suppose 3*i - 990 = -2*i + b, -5*i - b = -990. Suppose -4*a + i = 70. List the prime factors of a.
2
Let d be (8/5)/(6/15). Let a(m) = 21*m + 2. Let w be a(d). List the prime factors of w/10 + (-6)/(-15).
3
Let j = 17 + -15. Suppose j*p = 6*p - 3*w - 15, 0 = -p - 2*w + 1. List the prime factors of p.
3
Suppose -8 = -3*o + 4. Let m(s) = -s**3 - s**2 + 2*s - 1. Let b be m(2). List the prime factors of o/(-18) - 74/b.
2
Let l(k) = k**3 + k**2 + k + 8. Suppose -4*f = -2*f. Let b be l(f). Let v = b - -6. List the prime factors of v.
2, 7
Suppose j - 4*a = 6*j - 264, -4*j + 5*a = -244. Let c = -38 + j. What are the prime factors of c?
2, 3
Suppose -5*a + 11 = 1. Suppose 10 = -a*i + 5*m, m + 0 = -i + 9. Suppose i*k - 6 = 2*k. What are the prime factors of k?
2
Let t(u) = 3*u**2 - 22*u + 21. Let i(w) = w**2 - 7*w + 7. Let a(d) = 8*i(d) - 3*t(d). What are the prime factors of a(6)?
17
Let y = 69 - 140. Let l = y + 121. What are the prime factors of l?
2, 5
Let d be (9 - (-2)/(-2)) + -2. Suppose 10*f = d*f + 36. What are the prime factors of f?
3
Suppose -4*h + 3*y = 3, 24 = -5*h - 0*y - 3*y. List the prime factors of 4/(-3)*h/2.
2
Let i(o) be the third derivative of -o**6/120 - 2*o**5/15 - 3*o**4/8 - o**3/3 + 4*o**2. Let k(r) = 7*r. Let v be k(-1). What are the prime factors of i(v)?
2, 3
Suppose 0*j + j - 19 = 5*s, 3*j = 12. Suppose -2 = -3*o - 8. What are the prime factors of o/6 - 40/s?
13
Let y(m) = m**3 + 7*m**2 + 2*m - 8. Let z(o) = -o**3 - o**2 + o + 1. Let k(p) = y(p) + 2*z(p). List the prime factors of k(5).
2, 7
Let t(v) = 4*v**2 + 1. Let k be t(1). Suppose 2*w = -3*w + 20. Suppose -15 = -w*g + x, 4*x + 13 = 2*g - k. List the prime factors of g.
3
Let f be 1/(((-6)/(-39))/(-2)). Let t = f + 25. What are the prime factors of t?
2, 3
Suppose 8 + 7 = -5*l. Let z = -3 - l. Suppose 2*j - 28 = 4*o - z, 0 = 5*j 